 when 434 is divided by 150.
134
Calculate the remainder when 11005 is divided by 23.
11
Calculate the remainder when 943 is divided by 184.
23
What is the remainder when 227 is divided by 104?
19
What is the remainder when 1032 is divided by 11?
9
What is the remainder when 1018 is divided by 6?
4
Calculate the remainder when 209 is divided by 14.
13
Calculate the remainder when 89 is divided by 33.
23
Calculate the remainder when 44 is divided by 13.
5
What is the remainder when 30 is divided by 15?
0
Calculate the remainder when 133 is divided by 36.
25
Calculate the remainder when 2093 is divided by 20.
13
What is the remainder when 489 is divided by 35?
34
Calculate the remainder when 216 is divided by 59.
39
What is the remainder when 1405 is divided by 44?
41
What is the remainder when 168 is divided by 18?
6
What is the remainder when 781 is divided by 56?
53
Calculate the remainder when 69 is divided by 4.
1
Calculate the remainder when 2130 is divided by 351.
24
What is the remainder when 35 is divided by 18?
17
What is the remainder when 908 is divided by 177?
23
Calculate the remainder when 12988 is divided by 15.
13
What is the remainder when 115 is divided by 26?
11
Calculate the remainder when 176 is divided by 150.
26
What is the remainder when 319 is divided by 83?
70
What is the remainder when 2385 is divided by 397?
3
What is the remainder when 408 is divided by 38?
28
What is the remainder when 70197 is divided by 40?
37
What is the remainder when 954 is divided by 7?
2
What is the remainder when 4111 is divided by 3?
1
Calculate the remainder when 2150 is divided by 126.
8
Calculate the remainder when 31 is divided by 17.
14
Calculate the remainder when 367 is divided by 23.
22
Calculate the remainder when 15789 is divided by 48.
45
What is the remainder when 232 is divided by 65?
37
What is the remainder when 130 is divided by 12?
10
Calculate the remainder when 10257 is divided by 18.
15
What is the remainder when 274 is divided by 123?
28
What is the remainder when 569 is divided by 26?
23
Calculate the remainder when 527 is divided by 277.
250
Calculate the remainder when 1712 is divided by 156.
152
What is the remainder when 672 is divided by 135?
132
What is the remainder when 81 is divided by 3?
0
What is the remainder when 817 is divided by 53?
22
What is the remainder when 1713 is divided by 78?
75
Calculate the remainder when 47 is divided by 16.
15
What is the remainder when 839 is divided by 21?
20
What is the remainder when 344 is divided by 58?
54
Calculate the remainder when 60 is divided by 37.
23
What is the remainder when 146 is divided by 22?
14
Calculate the remainder when 681 is divided by 92.
37
What is the remainder when 259 is divided by 146?
113
What is the remainder when 668 is divided by 67?
65
What is the remainder when 145 is divided by 37?
34
Calculate the remainder when 33 is divided by 6.
3
What is the remainder when 71 is divided by 39?
32
What is the remainder when 151 is divided by 10?
1
Calculate the remainder when 4586 is divided by 45.
41
What is the remainder when 4516 is divided by 113?
109
What is the remainder when 140 is divided by 29?
24
What is the remainder when 2619 is divided by 61?
57
Calculate the remainder when 209 is divided by 53.
50
Calculate the remainder when 52 is divided by 25.
2
What is the remainder when 258 is divided by 9?
6
What is the remainder when 343 is divided by 58?
53
Calculate the remainder when 176 is divided by 52.
20
Calculate the remainder when 1727 is divided by 12.
11
What is the remainder when 148 is divided by 110?
38
What is the remainder when 57 is divided by 12?
9
Calculate the remainder when 542 is divided by 17.
15
Calculate the remainder when 19521 is divided by 25.
21
Calculate the remainder when 559 is divided by 165.
64
Calculate the remainder when 462 is divided by 154.
0
What is the remainder when 78 is divided by 18?
6
What is the remainder when 89 is divided by 15?
14
What is the remainder when 286 is divided by 82?
40
Calculate the remainder when 97 is divided by 9.
7
Calculate the remainder when 9407 is divided by 24.
23
What is the remainder when 1426 is divided by 22?
18
Calculate the remainder when 2823 is divided by 113.
111
What is the remainder when 1192 is divided by 138?
88
What is the remainder when 331 is divided by 26?
19
What is the remainder when 1055 is divided by 96?
95
What is the remainder when 204 is divided by 52?
48
Calculate the remainder when 22410 is divided by 307.
306
What is the remainder when 99 is divided by 20?
19
What is the remainder when 652 is divided by 73?
68
Calculate the remainder when 836 is divided by 60.
56
Calculate the remainder when 100 is divided by 3.
1
Calculate the remainder when 209 is divided by 170.
39
What is the remainder when 5914 is divided by 91?
90
What is the remainder when 3693 is divided by 16?
13
Calculate the remainder when 39 is divided by 8.
7
What is the remainder when 48 is divided by 5?
3
Calculate the remainder when 7730 is divided by 119.
114
Calculate the remainder when 111 is divided by 21.
6
Calculate the remainder when 509 is divided by 17.
16
What is the remainder when 6968 is divided by 37?
12
Calculate the remainder when 292 is divided by 26.
6
What is the remainder when 739 is divided by 13?
11
Calculate the remainder when 5623 is divided by 29.
26
Calculate the remainder when 1311 is divided by 8.
7
What is the remainder when 191 is divided by 71?
49
What is the remainder when 82 is divided by 22?
16
Calculate the remainder when 203 is divided by 30.
23
What is the remainder when 258 is divided by 70?
48
Calculate the remainder when 1060 is divided by 52.
20
What is the remainder when 2364 is divided by 259?
33
Calculate the remainder when 174 is divided by 36.
30
Calculate the remainder when 621 is divided by 607.
14
What is the remainder when 578 is divided by 178?
44
What is the remainder when 25529 is divided by 138?
137
Calculate the remainder when 170 is divided by 113.
57
Calculate the remainder when 1354 is divided by 23.
20
What is the remainder when 375 is divided by 125?
0
Calculate the remainder when 119 is divided by 47.
25
Calculate the remainder when 15 is divided by 12.
3
What is the remainder when 281 is divided by 6?
5
What is the remainder when 472 is divided by 19?
16
What is the remainder when 1103 is divided by 30?
23
What is the remainder when 538 is divided by 502?
36
What is the remainder when 511 is divided by 35?
21
What is the remainder when 61 is divided by 31?
30
What is the remainder when 84 is divided by 56?
28
Calculate the remainder when 1799 is divided by 40.
39
Calculate the remainder when 1087 is divided by 68.
67
What is the remainder when 503 is divided by 23?
20
What is the remainder when 156 is divided by 20?
16
Calculate the remainder when 35 is divided by 18.
17
Calculate the remainder when 194 is divided by 43.
22
Calculate the remainder when 118 is divided by 4.
2
What is the remainder when 101 is divided by 15?
11
What is the remainder when 6620 is divided by 43?
41
What is the remainder when 5343 is divided by 14?
9
Calculate the remainder when 246 is divided by 26.
12
Calculate the remainder when 157 is divided by 53.
51
What is the remainder when 143 is divided by 29?
27
What is the remainder when 6041 is divided by 50?
41
Calculate the remainder when 143 is divided by 83.
60
Calculate the remainder when 329 is divided by 159.
11
Calculate the remainder when 13430 is divided by 101.
98
What is the remainder when 390 is divided by 28?
26
What is the remainder when 832 is divided by 24?
16
What is the remainder when 179 is divided by 5?
4
What is the remainder when 1535 is divided by 24?
23
Calculate the remainder when 101 is divided by 26.
23
Calculate the remainder when 2361 is divided by 85.
66
What is the remainder when 53 is divided by 7?
4
Calculate the remainder when 257 is divided by 51.
2
Calculate the remainder when 556 is divided by 16.
12
What is the remainder when 12477 is divided by 23?
11
What is the remainder when 1062 is divided by 521?
20
What is the remainder when 1241 is divided by 138?
137
What is the remainder when 468 is divided by 102?
60
Calculate the remainder when 468 is divide